{"id":8510,"date":"2024-01-05T11:38:40","date_gmt":"2024-01-05T10:38:40","guid":{"rendered":"https:\/\/www.hydorgol.de\/?page_id=8510"},"modified":"2024-01-07T16:16:30","modified_gmt":"2024-01-07T15:16:30","slug":"hydorgol-newsletter","status":"publish","type":"page","link":"https:\/\/www.hydorgol.de\/?page_id=8510","title":{"rendered":"Hydorgol Newsletter"},"content":{"rendered":"\n<p>Herzlich Willkommen zum Hydorgol-Newsletter!<\/p>\n\n\n\n<p>Der Plan ist monatlich einen Newletter mit Neuerungen zu Hydorgol, dem Blog und dem Youtube-Kannal zu verschicken. Ich freue mich \u00fcber das Interesse und gelobe keinen Spam zu verschicken.<\/p>\n\n\n\n<p>Der Newsletter l\u00e4uft \u00fcber Mailchimp und man kann sich \u00fcber den Link im Newsletter wieder abmelden.<\/p>\n\n\n<script>(function() {\n\twindow.mc4wp = window.mc4wp || {\n\t\tlisteners: [],\n\t\tforms: {\n\t\t\ton: function(evt, cb) {\n\t\t\t\twindow.mc4wp.listeners.push(\n\t\t\t\t\t{\n\t\t\t\t\t\tevent   : evt,\n\t\t\t\t\t\tcallback: cb\n\t\t\t\t\t}\n\t\t\t\t);\n\t\t\t}\n\t\t}\n\t}\n})();\n<\/script><!-- Mailchimp for WordPress v4.12.1 - https:\/\/wordpress.org\/plugins\/mailchimp-for-wp\/ --><form id=\"mc4wp-form-1\" class=\"mc4wp-form mc4wp-form-8516\" method=\"post\" data-id=\"8516\" data-name=\"Hydorgol Newsletter Formular\" ><div class=\"mc4wp-form-fields\"><p>\r\n    <label>Vorname *<\/label>\r\n    <input type=\"text\" name=\"FNAME\" required \/>\r\n<\/p>\r\n<p>\r\n    <label>Nachname *<\/label>\r\n    <input type=\"text\" name=\"LNAME\" required \/>\r\n<\/p>\r\n\r\n\r\n<p>\r\n\t<label>E-Mail-Adresse* : \r\n\t\t<input type=\"email\" name=\"EMAIL\" placeholder=\"Deine E-Mail Adresse\" required \/>\r\n<\/label>\r\n<\/p>\r\n\r\n<p>\r\n\t<input type=\"submit\" value=\"Registrieren\" \/>\r\n<\/p><\/div><label style=\"display: none !important;\">Wenn du ein Mensch bist, lasse das Feld leer: <input type=\"text\" name=\"_mc4wp_honeypot\" value=\"\" tabindex=\"-1\" autocomplete=\"off\" \/><\/label><input type=\"hidden\" name=\"_mc4wp_timestamp\" value=\"1777033519\" \/><input type=\"hidden\" name=\"_mc4wp_form_id\" value=\"8516\" \/><input type=\"hidden\" name=\"_mc4wp_form_element_id\" value=\"mc4wp-form-1\" \/><div class=\"mc4wp-response\"><\/div><\/form><!-- \/ Mailchimp for WordPress Plugin -->","protected":false},"excerpt":{"rendered":"<p>Herzlich Willkommen zum Hydorgol-Newsletter! Der Plan ist monatlich einen Newletter mit Neuerungen zu Hydorgol, dem Blog und dem Youtube-Kannal zu verschicken. Ich freue mich \u00fcber das Interesse und gelobe keinen Spam zu verschicken. Der Newsletter l\u00e4uft \u00fcber Mailchimp und man &hellip; <a href=\"https:\/\/www.hydorgol.de\/?page_id=8510\">Weiterlesen <span class=\"meta-nav\">&rarr;<\/span><\/a><\/p>\n","protected":false},"author":1,"featured_media":0,"parent":0,"menu_order":0,"comment_status":"closed","ping_status":"closed","template":"","meta":{"jetpack_post_was_ever_published":false,"footnotes":""},"class_list":["post-8510","page","type-page","status-publish","hentry"],"jetpack_shortlink":"https:\/\/wp.me\/P3Or1N-2dg","jetpack-related-posts":[],"jetpack_sharing_enabled":true,"_links":{"self":[{"href":"https:\/\/www.hydorgol.de\/index.php?rest_route=\/wp\/v2\/pages\/8510","targetHints":{"allow":["GET"]}}],"collection":[{"href":"https:\/\/www.hydorgol.de\/index.php?rest_route=\/wp\/v2\/pages"}],"about":[{"href":"https:\/\/www.hydorgol.de\/index.php?rest_route=\/wp\/v2\/types\/page"}],"author":[{"embeddable":true,"href":"https:\/\/www.hydorgol.de\/index.php?rest_route=\/wp\/v2\/users\/1"}],"replies":[{"embeddable":true,"href":"https:\/\/www.hydorgol.de\/index.php?rest_route=%2Fwp%2Fv2%2Fcomments&post=8510"}],"version-history":[{"count":9,"href":"https:\/\/www.hydorgol.de\/index.php?rest_route=\/wp\/v2\/pages\/8510\/revisions"}],"predecessor-version":[{"id":8532,"href":"https:\/\/www.hydorgol.de\/index.php?rest_route=\/wp\/v2\/pages\/8510\/revisions\/8532"}],"wp:attachment":[{"href":"https:\/\/www.hydorgol.de\/index.php?rest_route=%2Fwp%2Fv2%2Fmedia&parent=8510"}],"curies":[{"name":"wp","href":"https:\/\/api.w.org\/{rel}","templated":true}]}}