{"id":23,"date":"2013-04-24T00:08:06","date_gmt":"2013-04-23T22:08:06","guid":{"rendered":"http:\/\/192.168.13.133\/wp\/?page_id=23"},"modified":"2013-04-24T00:08:06","modified_gmt":"2013-04-23T22:08:06","slug":"die-kontinuitat","status":"publish","type":"page","link":"https:\/\/www.hydorgol.de\/?page_id=23","title":{"rendered":"Die Kontinuit\u00e4t"},"content":{"rendered":"<p>Aktuell in Arbeit:<\/p>\n<p>Die Kontinuit\u00e4t &#8211; 3 gr0\u00dfe Jahre sp\u00e4ter wird ein Inquisitor der Kontinuit\u00e4t zu den Menschen entsand, um ein w\u00e4hrend des Alpha Centauri Aufstandes begangenes ungeheuerliches Verbrechen aufzukl\u00e4ren.<\/p>\n","protected":false},"excerpt":{"rendered":"<p>Aktuell in Arbeit: Die Kontinuit\u00e4t &#8211; 3 gr0\u00dfe Jahre sp\u00e4ter wird ein Inquisitor der Kontinuit\u00e4t zu den Menschen entsand, um ein w\u00e4hrend des Alpha Centauri Aufstandes begangenes ungeheuerliches Verbrechen aufzukl\u00e4ren.<\/p>\n","protected":false},"author":1,"featured_media":0,"parent":0,"menu_order":0,"comment_status":"open","ping_status":"open","template":"","meta":{"jetpack_post_was_ever_published":false,"footnotes":""},"class_list":["post-23","page","type-page","status-publish","hentry"],"jetpack_shortlink":"https:\/\/wp.me\/P3Or1N-n","jetpack-related-posts":[],"jetpack_sharing_enabled":true,"_links":{"self":[{"href":"https:\/\/www.hydorgol.de\/index.php?rest_route=\/wp\/v2\/pages\/23","targetHints":{"allow":["GET"]}}],"collection":[{"href":"https:\/\/www.hydorgol.de\/index.php?rest_route=\/wp\/v2\/pages"}],"about":[{"href":"https:\/\/www.hydorgol.de\/index.php?rest_route=\/wp\/v2\/types\/page"}],"author":[{"embeddable":true,"href":"https:\/\/www.hydorgol.de\/index.php?rest_route=\/wp\/v2\/users\/1"}],"replies":[{"embeddable":true,"href":"https:\/\/www.hydorgol.de\/index.php?rest_route=%2Fwp%2Fv2%2Fcomments&post=23"}],"version-history":[{"count":0,"href":"https:\/\/www.hydorgol.de\/index.php?rest_route=\/wp\/v2\/pages\/23\/revisions"}],"wp:attachment":[{"href":"https:\/\/www.hydorgol.de\/index.php?rest_route=%2Fwp%2Fv2%2Fmedia&parent=23"}],"curies":[{"name":"wp","href":"https:\/\/api.w.org\/{rel}","templated":true}]}}